-434)). Let v = -146 - k. What is the units digit of v?
1
Suppose -38*l + 3*w - 159 = -41*l, 0 = 4*l - 5*w - 203. What is the tens digit of l?
5
Suppose 4*z = 2*r + 3*r - 2564, -r + 3*z + 504 = 0. What is the units digit of r?
6
Suppose -30*p + 29*p - 1 = 0. Suppose -5*a = -5*i + 336 + 354, 4*i = -a - 123. What is the tens digit of p*a/20*8?
5
Let f = 45 + -3. Let a = -27 + f. What is the units digit of a?
5
Suppose -478 - 2156 = -x. What is the tens digit of x?
3
What is the tens digit of (4/3)/(72/128844) + -5?
8
What is the hundreds digit of (-3)/((-18)/(-4))*459/(-2)?
1
Let s = -42 - -42. Suppose s = 2*v - 5*v + 114. What is the units digit of v?
8
Let a(n) = -n**2 + 5*n + 4. Let m be a(3). Suppose -2*j + m = 4, -3*p + 4*j - 15 = 0. What is the tens digit of p/(3/30)*-3?
3
Suppose -q + 7816 = 4*u, 29*u - 4*q + 3922 = 31*u. What is the units digit of u?
3
Let d(i) = i + 1. Let p be d(-1). Suppose 0*k - 7*k + 266 = p. What is the tens digit of k?
3
Suppose -66 = z - 4*z. Suppose -z + 7 = 2*o - d, -d = 4*o + 27. What is the units digit of o - -7 - (-1 - 25)?
6
Let x = -158 + 355. Let z = x - 100. What is the tens digit of z?
9
Suppose 83*q = 81*q + 42. Suppose 2*t = -3*l + q + 26, -l + 53 = 3*t. What is the tens digit of t?
1
Suppose 3*k - 620 = -2*f, -4*f - k = -248 - 992. What is the hundreds digit of f?
3
Suppose 2*j = 4*u + 14 - 2, -3*j - u = -25. Let a(m) = -m**2 + 8*m + 17. What is the units digit of a(j)?
7
What is the tens digit of (-1*6)/((-15)/490)?
9
Suppose 291*h + 12278 = 305*h. What is the units digit of h?
7
Suppose -22*d - 17009 + 46863 = 0. What is the tens digit of d?
5
What is the units digit of ((-120)/(-30))/(2/(-78)*-3)?
2
Suppose 20 = 5*x - 5*d, -11*d + 8*d - 8 = x. What is the units digit of x?
1
Let h = 171 - 150. What is the units digit of h?
1
Let c be 140/42 - 2/6. Suppose t = -c*t - 24. Let s(y) = -3*y + 6. What is the tens digit of s(t)?
2
Suppose 7 + 5 = 3*o. Suppose -o*u = q + 4, 5*q - 2*u = -0*u + 24. What is the units digit of q?
4
Let d = 41 - 37. Suppose -3*u - 235 = -d*w - 850, 0 = -w - 3. What is the hundreds digit of u?
2
Suppose -o - 2*b + 740 = 0, 8*b - 5*b + 1473 = 2*o. What is the tens digit of o?
3
Let k = 4694 - 3272. What is the tens digit of k?
2
Suppose 6*l + 0 = 66. Suppose -17*i + l = -16*i. What is the tens digit of i?
1
Suppose -1209 = -2*n - 5*q + 724, 0 = n - 2*q - 971. What is the units digit of n?
9
Let w(b) = 55*b**2 + 24*b + 97. What is the units digit of w(-4)?
1
Let k be (-4)/16*-4*-7. Let g be (k - -7) + 2 + 1. Suppose 2*j = g*j - 16. What is the tens digit of j?
1
Let t(g) = 3*g**2 - 33*g + 3. Let q be t(11). Suppose q*l - 87 = 69. What is the tens digit of l?
5
Let b(c) = -47*c + 3. Let o = -38 + 37. What is the units digit of b(o)?
0
Suppose -2*r = 0, 2*r + 26 = m + 4*r. Let v = m + -24. Suppose -28 - v = -h. What is the tens digit of h?
3
Let i be 155/(-1) - 5/(-5)*3. Let h = -71 - i. What is the tens digit of h?
8
Let c = -106 + 242. Let d be 1 + -1 + 1 + 93. Let h = c - d. What is the tens digit of h?
4
Suppose -2*p + 4*l = -32 + 8, -4*p = 5*l - 35. What is the tens digit of (-930)/(-25) - 1 - (-8)/p?
3
Suppose 14*y - 4063 = -3*y. What is the tens digit of y?
3
Suppose 6*x = 7*x - 562. What is the units digit of x?
2
Suppose -3*s - 2*y = -y + 9, 3*y = 9. What is the units digit of (-3 + s)*(-6)/21?
2
Let t = 3776 + -2195. What is the hundreds digit of t?
5
Suppose 464*w - 461*w = 2433. What is the hundreds digit of w?
8
Let h(n) be the second derivative of n + 2/3*n**4 + 0 - 11/6*n**3 + 3/2*n**2 + 1/20*n**5. What is the tens digit of h(-9)?
2
Suppose -5*t - 4*i = -1813, 0 = 2*t - 3*i - 935 + 219. What is the units digit of t?
1
Let u(k) = 8*k**2 - 5*k - 4. Let v(x) = -x**3 + 4*x**2 - 3*x - 3. Let b be v(3). What is the units digit of u(b)?
3
Let m = -1152 - -1939. What is the tens digit of m?
8
Let c(d) = -d + 1. Let a(x) = -15*x**2 + 7*x - 5. Let r(j) = -a(j) - 6*c(j). Let w be r(-1). Suppose -2*u + 3*u = w. What is the units digit of u?
5
Let d be (-35)/28 + 1/4 - 4. Let x(j) = j**3 + 6*j**2 + 7. What is the tens digit of x(d)?
3
Let c = 1727 + -92. What is the hundreds digit of c?
6
Let o be (-20)/(-5) - (-4 + 3). Suppose -185 = -o*l + 155. What is the units digit of l?
8
Let c be ((-6)/2 + -3)/(-2). Suppose 508 = c*z - l, 2*z - 119 - 229 = -4*l. What is the units digit of z?
0
Let u = 76 - 65. Let i = 31 + u. What is the units digit of i?
2
What is the hundreds digit of (40/(-16))/((-2)/148)?
1
Let a = -207 + 329. Let o = a - 84. Let t = o - 32. What is the units digit of t?
6
What is the tens digit of 3/((12/26)/((-28)/(-1)))?
8
Let g = 16 + -29. Suppose m - 17 + 0 = -h, -4*h = -4*m + 84. Let z = g + m. What is the units digit of z?
6
Let p be (4 + -6)/(6/(-12)). Suppose 4*r - 3*w = 215, -p*w - 89 = -3*r + 74. What is the tens digit of r?
5
Let s(x) = 5*x**3 - 17*x**2 + 20*x + 21. Let k(z) = z**3 - 4*z**2 + 5*z + 5. Let h(m) = -9*k(m) + 2*s(m). What is the tens digit of h(4)?
7
Suppose -q + 70 = -8*q. Let w(i) = i**3 + 11*i**2 + 4*i + 10. Let y(p) = -p**3 - 11*p**2 - 3*p - 9. Let z(d) = 6*w(d) + 5*y(d). What is the units digit of z(q)?
5
Suppose -13 + 10 = c, -4*z + 3*c + 7325 = 0. What is the hundreds digit of z?
8
Let w be (-3 + (2 - 1))*(-7032)/16. What is the units digit of w/12 + 2/(-8)?
3
Let p = 2 - 5. Let y = p + -6. What is the units digit of 8/12 + (-111)/y?
3
Let h = -363 + 1134. What is the units digit of h?
1
Suppose v = l + 645, -952 - 979 = -3*v + 2*l. Let t = -353 + v. What is the units digit of (-12)/(-28) + t/14?
1
Let u(q) = q**3 + 3*q**2 + q + 3. Let i be u(-3). Let m be (-1 - -2) + (-1 - -1). Let t = m + i. What is the units digit of t?
1
Let d(z) = -z**3 + 13 + 4*z**2 - 9*z**2 + 6*z + 0*z**3. What is the tens digit of d(-7)?
6
Let q(l) = 2*l**2 + 5*l + 20. Let i be q(-9). Let k = i + 46. What is the units digit of k?
3
Suppose 10 = 2*t + 3*t. Suppose -11 - 9 = t*h - 5*r, 0 = -4*h + 3*r - 40. Let k = h + 11. What is the units digit of k?
1
Suppose 7*r - 30*r = -7981. What is the units digit of r?
7
Suppose l = -4*g - 16, -4*l - 2*g - g = 12. Suppose -3*f - 3*q + 375 = 0, -f - 5*q + 117 = -l*f. What is the tens digit of f?
2
Let s = 184 + -115. Let m = 5 - 12. Let k = s + m. What is the tens digit of k?
6
Let f(n) = n**3 + n**2 - n + 224. What is the units digit of f(0)?
4
Let s = -2954 + 4957. What is the thousands digit of s?
2
Let m be (-2 - 0) + 1 - -4. What is the hundreds digit of -2 - ((-399)/m - 1)?
1
Suppose 2392 = 3*y - 4*n, -5*n + 25 = -0*n. What is the tens digit of y?
0
Suppose 4*i + 14 = 2. Let g(h) = 2 + 1 - 4 + 0 + h**2. What is the units digit of g(i)?
8
Let o be (1 - 2) + (10 - -1). Suppose 4 = 2*m - o. Let i = -6 + m. What is the units digit of i?
1
Let d(s) = s**2 - 5*s - 14. What is the units digit of d(-7)?
0
Suppose -5*l = -0*l + 10. Let j be ((-15)/(-2))/(l/(-4)). Suppose -4*t + 73 = -j. What is the units digit of t?
2
Suppose 55*a - 28756 = 29*a. What is the hundreds digit of a?
1
Let y(u) = -7*u**2 - u**3 + 3*u + 3*u**2 + 3 - 1 + 4. Let m be y(-4). Let z(l) = -6*l - 9. What is the units digit of z(m)?
7
Suppose 0 = -2*v + 5*v - 15. Let y be (-57)/(-15) + (-8)/10. Suppose -4*c + 8*x - 3*x = -57, -y*c + v*x = -39. What is the tens digit of c?
1
Let k(i) = 2*i**2 - 3*i. Let n be k(3). Let x be 42/n + 6/(-9). Suppose -80 = -x*p + 200. What is the tens digit of p?
7
Let k(w) = 7*w**2 - 4. Let q be k(-4). Let n = -25 + q. What is the units digit of n?
3
Let u(k) = -23*k + 19. Let h be u(6). Let z = 52 - h. What is the hundreds digit of z?
1
Suppose -2*r + 0*r = -140. What is the units digit of r - -4*(2 + -1)?
4
Let k = 1327 + -414. Suppose 10*j - k = -j. What is the units digit of j?
3
Let c be -3 - 7/((-7)/8). Suppose -v - c + 4 = 0. What is the tens digit of 1 + v + -2 - -30?
2
Suppose -14*z + 4473 = -1071. What is the units digit of z?
6
Let r = -14 + 17. Suppose -8 = 4*l - r*q, -l + 19 = 2*l + 4*q. What is the tens digit of -20*(l - 2) - -1?
2
Suppose 2*q + 3 = n - 10, 12 = -3*q. Let w be (1 - 2)*13/(-1). Suppose n*a - 2*d = -5*d + w, 4*a - d = 24. What is the units digit of a?
5
Suppose 3*g - 4*h - 6 = 0, 0 = -0*g + g - 3*h - 2. What is the units digit of g/(1*(-3)/(-6))?
4
Let i = -293 - -511. What is the hundreds digit 